x*(3 - -9). What is the greatest common divisor of g and 12?
12
Let z = 47 + 232. Calculate the highest common factor of z and 63.
9
Let d = -13721 + 20650. What is the greatest common divisor of d and 169?
169
Let z(b) = 4*b - 4. Let p be z(7). Suppose 128 = 4*r - 3*r - 4*v, 3*v - 594 = -5*r. Calculate the highest common factor of r and p.
24
Let k be 31/3 + 2/(-6). Suppose 0 = -351*l + 149472 - 35570 + 223058. Calculate the highest common divisor of l and k.
10
Let c(x) = 6*x**3 - 8*x**2 + 28*x - 45. Let p be c(4). Suppose r - 2*a = 63, -4*r = a - 5*a - 240. Calculate the highest common divisor of p and r.
19
Suppose n - 4*n + 326 = 4*q, -4*n - 2*q + 418 = 0. Let a = 20 + -10. Suppose -a*g + n + 38 = 0. Calculate the highest common factor of 2 and g.
2
Let u(g) = -22*g**2 + 9*g**2 + 93 - g + 14*g**2 + g**3. Let n be u(0). Let p = n - 91. What is the greatest common divisor of p and 8?
2
Let u(a) = -16*a - 46. Let o be u(-3). Suppose 4*t = -3*y + 162 + 137, -6 = o*y. Calculate the greatest common divisor of 33 and t.
11
Suppose 8*i = 6*i + 10, 5*c - 3*i = 3795. Suppose 0 = 12*o - c - 822. Calculate the greatest common divisor of 12 and o.
12
Suppose 0 = -2*k + 85 - 45. Suppose -k*l + 270 = -90. What is the highest common divisor of l and 198?
18
Let j(f) = -2*f**2 - 9*f - 7. Suppose 3*c = 5*t - t + 5, -10 = 4*c - 2*t. Let d be j(c). Let g = d - -40. Calculate the highest common divisor of g and 84.
28
Let o be (-57 + 39)*(-3 - (-75)/(-6)). What is the greatest common divisor of 27 and o?
9
Suppose -g - 1 = -0, 0 = 4*m - g + 2735. Let c = -655 - m. Calculate the highest common factor of c and 377.
29
Let k = -4087 - -4147. What is the highest common factor of 345 and k?
15
Let i(x) = -x**2 + 7*x + 11. Let y be i(-5). Let o = y + 69. Suppose 3*f + 0*n - 34 = 4*n, 22 = 2*f - 2*n. What is the highest common divisor of f and o?
10
Let q(k) = -1421*k**3 - 6*k + 3. Let n(f) = -f**2 - f. Let c(t) = n(t) - q(t). Let d be c(1). What is the highest common factor of d and 18?
18
Let b(z) = 2*z**2 + 6*z + 10. Let h = -48 - -43. Let v be b(h). Calculate the highest common divisor of 270 and v.
30
Let r(m) be the first derivative of -44*m - 38 + 1/3*m**3 - 9*m**2. Let z be r(22). Calculate the highest common factor of 308 and z.
44
Let l(i) = 2046*i + 39. Let v be l(2). What is the highest common factor of 34 and v?
17
Let f(x) = x**2 - x - 18. Let t be (-4)/1*(1 - -1). Let d be f(t). Suppose 0*o = -3*o + d. What is the greatest common divisor of o and 18?
18
Let i = -18825 - -19170. What is the greatest common factor of 405 and i?
15
Let y be -4*((-10)/2 + -1). Suppose 22256*v - 21587*v - 28098 = 0. What is the highest common divisor of y and v?
6
Suppose 0 = 165*p - 171*p + 816. Suppose 0 = 4*o - 8, v = -4*v - 3*o + p. What is the highest common divisor of 182 and v?
26
Suppose 0 = -218*k + 252*k - 2584. Let z(w) = 3*w**2 - 8*w - 3. Let b be z(6). Calculate the greatest common factor of b and k.
19
Let j = 45 + -61. Let o be 60/27*(-72)/j. Calculate the greatest common divisor of 40 and o.
10
Suppose i - a - 50 - 29 = 0, 5*a - 151 = -2*i. Let c(u) = 17*u - 80. Let m be c(7). What is the greatest common factor of m and i?
39
Let w = -5831 - -8305. Suppose 3*v + 3*s = 1470, -8*v + s + w = -3*v. Calculate the highest common divisor of v and 26.
26
Let f = 58 - 46. Suppose 0 = 5*m - f - 148. Suppose 3*h - m = -14. Calculate the greatest common divisor of 30 and h.
6
Let q(a) = a**3 - 66*a**2 + 137*a - 520. Let o be q(64). Let h(c) = 12*c - 6. Let j be h(4). What is the highest common factor of j and o?
14
Let i = -155 - -261. Let r be (-1602)/(-21) - 2/7. Let f = i - r. What is the greatest common factor of f and 20?
10
Suppose 2*x - 18 = 2*d + 20, -4*x - 2*d = -88. Suppose -j + 2*j = 0. Suppose 84 = 2*f - j*f. What is the greatest common divisor of f and x?
21
Let s(r) = -68*r + 478. Let m be s(6). What is the greatest common divisor of m and 2065?
35
Suppose -n - 53 = -v, 8*v - 3*n - 279 = 3*v. What is the greatest common divisor of v and 2955?
15
Let z be 10/((-60)/(-9))*2/(-3). Let c be ((-360)/z)/1 - (1 + -1). What is the greatest common divisor of c and 40?
40
Suppose -2*q - 3*z + 746 = 0, -5*q - 15*z = -12*z - 1838. Calculate the highest common factor of q and 455.
91
Let d(l) = l**2 - 12*l + 32. Let f be d(13). Let g be (-20)/50 - (-696)/15. Let z = g - 28. What is the highest common factor of z and f?
9
Let r(k) = 3*k**3 + 35*k**2 - 20*k - 84. Let b be r(-12). Calculate the highest common divisor of b and 3012.
12
Suppose 6*r = -4*r + 170. Let u be (68/24)/((-1)/(-3))*2. What is the highest common factor of u and r?
17
Suppose -5*y + 3*j + 185 = 23, y - 46 = 4*j. Let l be ((-50)/(-6))/(10/y - 0). What is the highest common factor of 275 and l?
25
Suppose 13162*j - 13152*j - 3880 = 0. Calculate the greatest common divisor of j and 97.
97
Let a be (2 + -4 - -1) + 22. Suppose -5*j - 1100 = -5*c, -c - 4*j = -0*j - 225. Let i = 263 - c. Calculate the highest common divisor of a and i.
21
Suppose 1319 = 3*w + 5*g, -1652 - 125 = -4*w - 3*g. What is the greatest common divisor of w and 3392?
64
Let y = 234 + -193. Suppose -10*z = z - 1804. What is the greatest common factor of y and z?
41
Suppose -2*i + 3*v + 758 + 220 = 0, -2*i + 5*v + 970 = 0. What is the greatest common divisor of 18 and i?
9
Suppose -4*n = -2*u - 3353 + 1897, -5*u + 1512 = 4*n. Calculate the greatest common divisor of n and 912.
16
Suppose 16*h = 19*h - 3*b - 138, -4*h + 208 = 4*b. Let t = h - 29. Calculate the highest common divisor of t and 5.
5
Let u(m) = 857*m**2 - 56*m - 120. Let s be u(-2). What is the greatest common factor of 48 and s?
12
Suppose -6*g = -4*g - 1584. Let c be 1/7*3 + g/63. Calculate the greatest common factor of c and 13.
13
Let o = -6673 + 15565. Calculate the highest common divisor of o and 52.
52
Let p be (-1 - -2)/(4/(-1316)). Let o = -185 - p. What is the highest common factor of 9 and o?
9
Let p = 10 - 5. Suppose -p*l = -l. Suppose -4*j + 5*b = -211, l = j - b - 3*b - 50. Calculate the greatest common divisor of 36 and j.
18
Let t(z) = -z**3 - 50*z**2 - 2*z - 92. Let b be t(-50). Suppose 251*y = 249*y + b. Let c = -56 + 100. Calculate the highest common factor of c and y.
4
Suppose -4*d + 10540 = -39232. Calculate the highest common factor of d and 23.
23
Let k be (-63)/(-3)*(2 - -6). Let u = 453 - 235. Let n = u + -194. What is the greatest common factor of n and k?
24
Suppose 4*n = 15 + 17. Suppose 531*o - 445*o - 1720 = 0. Calculate the highest common factor of o and n.
4
Suppose -36*f + 63*f = 15147. What is the greatest common divisor of 136 and f?
17
Suppose -6*c = -8*c + 30. Suppose -4*x - 15 = -7*x. Suppose x + 10 = 5*s. What is the greatest common factor of s and c?
3
Let j(u) = 34*u + 2. Let r be j(0). Suppose 22*v - 2640 = r*v. What is the highest common divisor of 84 and v?
12
Let g = -9498 + 9536. Let k(w) = 2*w**2 + 5*w - 6. Let h be k(-5). Calculate the highest common factor of g and h.
19
Let v = -232 + 55. Let d = -97 - v. Calculate the greatest common factor of 32 and d.
16
Let w be (4/5)/((-2)/85). Let k = 56 + w. Suppose -5*n = -4*q + 855, 16*q - 19*q + 3*n + 645 = 0. What is the highest common divisor of q and k?
22
Let i(h) = -2*h**2 + 92*h + 146. Let x be i(47). What is the greatest common divisor of x and 208?
52
Let l(d) = d**3 + 14*d**2 - 48*d - 171. Let c be l(-16). Let a = -155 + 312. Let i = a - c. Calculate the highest common divisor of i and 8.
8
Suppose 4*o - 6*o + 5*n = -1914, o - 8*n = 924. Calculate the highest common factor of 18 and o.
18
Let n = -3556 + 2520. Let s be (n/(-8))/(-7)*(-13 + 11). Calculate the highest common divisor of s and 703.
37
Let q = 384 - 256. Calculate the greatest common divisor of q and 2304.
128
Let g = 1404 - 1401. Calculate the highest common divisor of g and 111.
3
Let o(s) = -2*s**3 - 54*s**2 - 59*s - 181. Let r be o(-26). What is the highest common factor of 251 and r?
1
Let z be ((12/8)/(27/348))/(5/360). What is the highest common divisor of z and 3?
3
Let y(g) = g**3 + 28*g**2 - 33*g - 100. Let k be y(-29). Let a = -12 - -20. What is the highest common factor of k and a?
8
Let v = -12529 + 12789. Calculate the highest common factor of 620 and v.
20
Let y(r) = 2*r + 7. Suppose 4*x + 